Calculate the remainder when y is divided by o.
0
Let y(n) = -3*n**3 - 2*n**2 - 2*n - 3. Let d = -2 - 2. Let m(l) = -12*l + 2. Calculate the remainder when m(d) is divided by y(-2).
16
Let y = 5 + -3. Suppose -14 - 10 = -y*v. Suppose i = -2*i + v. Calculate the remainder when 10 is divided by i.
2
Let o(m) = m + 6. Let w(t) = -2*t - 7. Let z(s) = 3*o(s) + 2*w(s). What is the remainder when 26 is divided by z(-5)?
8
Let z = 5 - 3. Let y(w) = -3*w**2 + 4*w**2 - 3 + 2*w**z - w. Calculate the remainder when y(-3) is divided by 14.
13
Let t(j) = -4*j - 11. Suppose 13 - 145 = -4*w. Calculate the remainder when w is divided by t(-5).
6
Let u(o) = -o**3 - 15*o**2 - o + 14. What is the remainder when 114 is divided by u(-15)?
27
Suppose 5*s - 3*s = 8. Calculate the remainder when 12 is divided by s.
0
Suppose -2*m + 3 = -7. What is the remainder when 9 is divided by 18/m - 12/(-30)?
1
Calculate the remainder when 73/(3 - 1/(3/6)) is divided by 25.
23
Suppose 3*t - 2*g - 25 - 17 = 0, 0 = -3*t + 5*g + 51. Let f(k) be the first derivative of 7*k**2/2 + 1. Calculate the remainder when f(5) is divided by t.
11
Suppose 7*m = 2*m + 350. Suppose -5*x - 5*k + 155 = 0, -m = 5*x + 4*k - 225. What is the remainder when x is divided by 16?
15
Let y = -4 + 4. Suppose -4 = -y*h - h. Suppose 0 = -0*l + h*l - 48. What is the remainder when 23 is divided by l?
11
Let q = 31 + -23. Let o = -243 + 381. Suppose 0 = -4*a - 46 + o. What is the remainder when a is divided by q?
7
Let t(i) = 5*i - 5. What is the remainder when 57 is divided by t(4)?
12
Let z(p) = -3*p**3 - p**2. Let n be z(-1). Suppose d + n = -0*d. Let l = 21 - d. What is the remainder when l is divided by 8?
7
Suppose -3*l = -a + l, 18 = 4*a + 2*l. Let t = -3 - -13. What is the remainder when t is divided by a?
2
Calculate the remainder when (-1293)/(-12) + ((-12)/16 - -1) is divided by 23.
16
Let f be 24/6 - (-3 - 0). Let h = 32 + f. Calculate the remainder when h is divided by 14.
11
Let p(d) be the first derivative of -d**4/4 - 2*d**3/3 - d**2 + 3. Calculate the remainder when p(-3) is divided by 8.
7
Suppose 0 = -5*s - 4*a + 81, -7*a + 2*a = 5*s - 80. Calculate the remainder when 33 is divided by s.
16
Let g be -1 - 2 - (-1 + 4). Let t(h) = h**3 + 7*h**2 - 6*h + 3. Calculate the remainder when t(g) is divided by 19.
18
Let v(x) = x**2 - 4*x + 1. Let b = -4 + 1. Calculate the remainder when 42 is divided by v(b).
20
Let t be 2/7 + (-10)/35. Suppose 2*q + 4*m - 10 - 8 = t, 4*q - m - 27 = 0. What is the remainder when 18 is divided by q?
4
Suppose 2*j - 6*j = 60. Let n(q) = 17*q**2. Calculate the remainder when 4/(-6) - 490/j is divided by n(1).
15
Let t(g) = g + 27. Let o(y) = -3*y + 10. Let h be o(7). Let q be t(h). Suppose -4*i + q = -0*i. Calculate the remainder when 5 is divided by i.
1
Let z(v) = 2*v - 2. Let g be z(3). Suppose -58 = -b - g*b - c, -4*b + 46 = c. What is the remainder when b is divided by 7?
5
Suppose 7 + 9 = 4*r. Suppose -2*g + 24 = 2*p, -2*g - r*p = -3*g + 17. Suppose 55 = 3*v + g. What is the remainder when 41 is divided by v?
13
Let m(w) = -3*w**3 - 7 - w - 2*w - 5*w**2 + 4*w**3. Let x = -5 - -11. What is the remainder when 21 is divided by m(x)?
10
Suppose -5*q - 1 = 29. Let d(y) = -y**2 - 8*y - 3. Let v be d(q). Suppose 2*l = -l + v. What is the remainder when 4 is divided by l?
1
Let f(t) = t**2 + 5*t + 4. Let m(r) = -r**2 + 3*r - 2. Let d be m(4). Calculate the remainder when 38 is divided by f(d).
8
Let x = 20 - 7. Suppose 2*p = -0*p - 3*s - x, -2*p + 4*s = -22. What is the remainder when 3 is divided by p?
0
Calculate the remainder when 9 is divided by (2/1)/(4/10).
4
Let j = -20 + 29. Calculate the remainder when j is divided by 6.
3
Let b = -5 + 5. Suppose 2*p + 2*p - 28 = b. Calculate the remainder when p is divided by 5.
2
Let b = 43 + -22. Suppose 80 = 5*h + 4*p, -2*h - 3*h + 2*p + 50 = 0. What is the remainder when b is divided by h?
9
Suppose d - 2 - 3 = 0. Suppose -2*t + 29 - 2 = m, -4*m = d*t - 108. Suppose 4*r + 1 = 57. What is the remainder when m is divided by r?
13
Suppose 0 = 3*v + 1 - 16. Let k = 46 + -27. What is the remainder when k is divided by v?
4
Let f(n) = 6*n - 1. Let v be f(1). Let h(t) = -t + 7. Let y be h(v). Suppose -y*u + 66 - 2 = 0. What is the remainder when u is divided by 11?
10
Suppose 5*a = 3*b + 2*b + 10, -10 = -5*a + 4*b. What is the remainder when (74/(-8))/(a/(-8)) is divided by -1*(-38)/(1 + 1)?
18
Suppose w + 0*w = o + 32, 0 = -4*w - o + 108. Calculate the remainder when 48 is divided by w.
20
Suppose -4*j = b - 9, 9 = 3*b - 2*j - 4. Suppose -b*s = -2*w - s + 10, 2*w - s = 19. Calculate the remainder when w is divided by 4.
3
Suppose -904 = -4*a - 2*w, -2*a - 1128 = -7*a - 3*w. Let o = 50 + -36. What is the remainder when 46 is divided by a/o + 4/(-14)?
14
Let i(s) = -s**3 - 4*s**2 + 3*s + 3. Let d be i(-6). Suppose m + d = 4*m. Calculate the remainder when m is divided by (1 - 1/1) + 7.
5
Let w(p) = 2*p + 34. Suppose 8*l = 3*l. Calculate the remainder when w(l) is divided by 19.
15
Let z = 0 + 6. Suppose q - 4*p - p = -8, -8 = -5*q + p. Suppose -q = -h + z. Calculate the remainder when 23 is divided by h.
7
Suppose -3*n - 2*t = -32, 3*t + 15 = 2*n - 2. What is the remainder when 13 is divided by n?
3
Suppose 6*p = 4*q + p - 197, 2*q - 3*p = 101. Let s(u) = 2*u**3 - u**2 - 1. Calculate the remainder when q is divided by s(2).
10
What is the remainder when 123 is divided by (5 - (-2)/(-6))*(-18)/(-4)?
18
Suppose -55*f + 16 = -54*f. What is the remainder when f is divided by (-1*1)/((-1)/6)?
4
Suppose 0 = -7*o + 14*o - 280. What is the remainder when o is divided by 15?
10
Let h be ((-45)/(-2))/(6/24). What is the remainder when -10*(h/(-4))/3 is divided by 26?
23
Let g = -4 - -12. Let p = 2 - -20. Suppose -p = -2*l - 2*o, l - g = -0*l - 4*o. What is the remainder when 22 is divided by l?
10
Let a(b) = -8*b - 1. Let r = 16 + -7. Calculate the remainder when a(-2) is divided by r.
6
Let h(w) = 2*w**2 - 12*w + 11. What is the remainder when h(7) is divided by 7?
4
Suppose -4*z = z + 90. Let g = -26 - z. Let r(n) = -n**2 - 10*n - 1. What is the remainder when r(g) is divided by 8?
7
Suppose 3*r = -5*k + 59, 3*k + 71 = 2*r - 0*k. What is the remainder when r is divided by 1*(1 + (10 - 1))?
8
Let p = -40 - -65. Suppose 0 = 4*s + s - p. Calculate the remainder when 46 is divided by (3 - s)*8*-1.
14
Suppose 3*n = -n + 8. Suppose 5*h = -5, -i + 3*h = -n*h - 22. Suppose 0 = -3*l + 1 + 17. What is the remainder when i is divided by l?
5
Suppose -c - c + 24 = 0. Calculate the remainder when 32 is divided by c.
8
Let t = 7 - 16. Let y be (-10)/(-3) + (-6)/t. Suppose 36 = y*o - 0. Calculate the remainder when 17 is divided by o.
8
Let g(h) = -5*h + 2. What is the remainder when 20 is divided by g(-1)?
6
Suppose x = -f + 22, -7*x + 2*x = -5*f + 80. Calculate the remainder when f is divided by 3.
1
Suppose -184*y + 189 = -181*y. What is the remainder when y is divided by 17?
12
Calculate the remainder when 189 is divided by (10 - 7) + (-1)/((-1)/21).
21
Let x be 2 - -2 - (0 + 0). Suppose -x*d - g + 5*g + 112 = 0, 0 = -3*d + g + 82. Suppose -d - 5 = -2*k. Calculate the remainder when k is divided by 9.
7
Suppose 0*s - r + 44 = 3*s, -46 = -3*s - 2*r. Calculate the remainder when s is divided by 4.
2
Let y(w) = -5*w + 3. Let p(l) be the first derivative of -l**2 + l + 2. Let c(t) = -11*p(t) + 4*y(t). Calculate the remainder when 19 is divided by c(3).
5
Let v = -630 + 898. Calculate the remainder when v is divided by 15.
13
Suppose -25 = -2*f + 3*p, -2*p = -3*f - 2*f + 79. What is the remainder when f is divided by 9?
8
Suppose -14 = -4*a + 6. Suppose 0 = -a*o - 63 - 7. Let i = 0 - o. Calculate the remainder when 41 is divided by i.
13
Suppose 3*b + 6*r = 5*r + 53, -15 = -3*r. Let f(t) = -t + 0*t**2 + t**2 + 0 - 3. What is the remainder when b is divided by f(-3)?
7
Let c be 4/18 + 75/27. Suppose f + 80 = c*f. What is the remainder when f is divided by 21?
19
Let q = 49 - 35. Let g(w) = -w**3 + 8*w**2 - 2*w - 8. Let c be g(7). What is the remainder when 3*-39*(-6)/c is divided by q?
12
Let m = 36 + -14. Suppose 0 = s - g - 2*g + 12, 5*g = -4*s - 14. Let t(h) = -h + 6. What is the remainder when m is divided by t(s)?
10
Suppose 3*y + 4*q - 14 = 5, 0 =